ose 55 - k = -3*f. What is the remainder when f is divided by 4?
3
Suppose 4*r - 24 = -4*f, 5*r - 5*f = -0*f + 70. Suppose r*w = -719 + 2119. What is the remainder when w is divided by 29?
24
Suppose l - 74 = -39. Suppose -3*n - 2*n + 5*m = -l, -4*m - 8 = n. What is the remainder when 9 is divided by n?
1
Let z = 658 - 642. Calculate the remainder when 44 is divided by z.
12
Let v be -10 + (-1)/(2/6). Let s = 15 + v. Suppose -410 = -5*i - 5*c, 0 = -i - 3*i - s*c + 330. What is the remainder when i is divided by 21?
20
Let o(v) = 2*v**3 - 6*v**2 + v + 2. Suppose -i + 2*t = -2*i + 34, -t - 73 = -2*i. Suppose -s + i = 26. Calculate the remainder when o(4) is divided by s.
8
Let j(t) be the third derivative of 0*t**4 - 7*t**2 + 0 + 1/3*t**3 + 0*t + 17/60*t**5. Calculate the remainder when j(2) is divided by 18.
16
Let i(q) = q**2 + 1. Let s = 86 + -61. Suppose -s = -2*c + 73. Calculate the remainder when c is divided by i(-5).
23
Suppose 3*k + 3*s - 60 = -0*k, 0 = 5*k - 3*s - 92. Let j(b) = 5*b**2 - 4*b - 1. Calculate the remainder when j(-3) is divided by k.
18
Let n(q) = 4*q**2 + 12*q - 2. Let t be n(-6). Suppose k - 2*m = m - 2, -5*k + t = m. Calculate the remainder when 25 is divided by k.
12
Let f = -2666 + 3289. Calculate the remainder when f is divided by 52.
51
Let g(q) = 13*q + 61. Calculate the remainder when g(-3) is divided by 17.
5
Suppose 1 + 55 = 4*a. Let r(f) be the first derivative of -f**4/4 + 5*f**3 - 13*f**2/2 - 8*f - 16. What is the remainder when 39 is divided by r(a)?
3
Let r = -14 + 11. Let m be ((-2)/r)/((-10)/255). Let b = 27 + m. What is the remainder when 37 is divided by b?
7
Suppose -7 = 4*t + 5, -2*y = -t - 13. Let o be (2 - 1)/(4/24). Let r = o - 3. Calculate the remainder when y is divided by r.
2
Let l = -1314 - -1470. Calculate the remainder when l is divided by 7.
2
Let c be -1 - (5/(-25) - (-1077)/(-15)). Let a = c + 7. What is the remainder when a is divided by 41?
37
Let p = 325 - 314. Suppose 3*r = 4*h - 17, -65 = -5*h - 5*r - 0. What is the remainder when p is divided by h?
3
Suppose 7*i - i = 18. Suppose -2*z - i*z = -85. What is the remainder when z is divided by 9?
8
Let o = 33 - 22. Let k = 0 + o. What is the remainder when 32/(-6)*(-5 - 1) is divided by k?
10
Let l = 14 - 12. Let g(r) = -r + 4. Let o be g(l). Suppose -4*n = m + 10, -o*n = -4*m + 2*n + 60. What is the remainder when m is divided by 3?
1
Let y = 412 + -388. Calculate the remainder when 72 is divided by y.
0
Suppose -94*s + 384 = -62*s. What is the remainder when 75 is divided by s?
3
Let t = 466 - 379. What is the remainder when t is divided by 18?
15
Let m be (-3)/((-6)/(-10))*-1. Suppose -4*b = -j - 2 - 1, -b = -m*j + 61. What is the remainder when j is divided by 7?
6
Let b(h) be the first derivative of h**3/3 + 2*h**2 - 5*h - 14. What is the remainder when b(-6) is divided by 4?
3
Suppose 82 = 3*p + r + 24, 5*p = -4*r + 99. What is the remainder when 655 is divided by p?
9
Let r(o) = o**3 + 11*o**2 + 22*o + 21. Let v be r(-10). Let k = v + 107. What is the remainder when 14 is divided by k?
6
Suppose -93 = -4*y - 3*h + 204, -3*y - 5*h = -220. Calculate the remainder when y is divided by 43.
32
Suppose -16 = -5*j - 3*j. Let i(h) = 8*h. What is the remainder when 63 is divided by i(j)?
15
Let u(a) = 5*a**2 - 4*a - 5. Suppose 5*i - 1 - 9 = 0. Suppose 2*j + i = 26. What is the remainder when u(4) is divided by j?
11
Let p be (-3 - -1 - 1)/(-1). Let t = -350 + 357. Suppose 4*x = m + 13, -p*m - 5*x + 22 = -t. Calculate the remainder when 8 is divided by m.
2
Let k = 21 + 9. Let r = k + -22. Calculate the remainder when 15 is divided by r.
7
Calculate the remainder when ((-1070)/20 + 8)*-2 is divided by 88.
3
Suppose i - 4*u - 60 = 19, 4*u = 4*i - 316. What is the remainder when 90 is divided by i?
11
Suppose -27 = -9*l - 0. Calculate the remainder when l is divided by 1.
0
Suppose 0 = 4*b - 2*s - 206, b - 3*b + 98 = -2*s. What is the remainder when 592 is divided by b?
52
Suppose -254*d - 39858 = -275*d. Calculate the remainder when d is divided by 95.
93
Let c be 2*(2 + (2 - 3)). Let m be (5 - 4/c) + 43. Suppose -m = -3*a + a. Calculate the remainder when 89 is divided by a.
20
Let i be (10/(-8))/(2/(-8)). Suppose -4*d = i*t - 483, -210 = -t - t + 4*d. Calculate the remainder when t is divided by 25.
24
Let z be -4*39/(-27) - 8/(-36). Suppose 0 = -z*t + t + 40. What is the remainder when 12 is divided by t?
4
Let l(u) = -11*u + 1. What is the remainder when l(-4) is divided by 16/3 + (7 - 133/21)?
3
Let z = -139 + 206. Calculate the remainder when z is divided by 1*213/15 - 2/10.
11
Suppose 26*f - 22*f + 8 = 0. Calculate the remainder when (-2 + 67/(-2))*f is divided by 12.
11
Suppose -5*k + 7 = -4*k. Suppose 3*p = c - 15, -5*c + k*p - 2*p = -65. Suppose 3*d - 4*d = -c. Calculate the remainder when 21 is divided by d.
9
Suppose 2*k - 2 = 56. What is the remainder when 37 is divided by k?
8
Calculate the remainder when (-1)/2 - 95/(-2) is divided by 2 + (5/(-2))/(4/(-16)).
11
Let l = -211 + 216. Suppose n - 1 = 15. Calculate the remainder when n is divided by l.
1
Suppose -5*u - 607 = -3*w, 0*w - u + 993 = 5*w. Calculate the remainder when w is divided by 20.
19
Let p = -44 + 11. Suppose 0 = 164*m - 173*m + 198. What is the remainder when 26 is divided by (-19)/(-3) - m/p?
5
Let o(r) = -18 + 18 - r + 28. What is the remainder when 13 is divided by o(20)?
5
Let b be 66 + 3*(-3)/9. Suppose b = 2*h + 1. Calculate the remainder when h is divided by 12.
8
Let n(h) = 4*h**2 - 4. Let r(d) = 4*d**2 + d - 4. Let w(t) = 6*n(t) - 5*r(t). Let p be 3 - 12/15*45/6. What is the remainder when w(p) is divided by 12?
11
Let d = -80 + 149. Let s = d - 116. Let i = -9 - s. What is the remainder when i is divided by 10?
8
Suppose -3 = -z - 3*v - 0, 3*v - 63 = -5*z. Let q be (1 - (-15)/(-10))*20. What is the remainder when 43 is divided by z/(-10)*q*1?
13
Suppose -2*j - 5 = 3*k, 0 = -2*j + 5 - 1. Calculate the remainder when k*9/((-81)/300) is divided by 26.
22
Calculate the remainder when ((-372)/(-15))/(4 - (-754)/(-195)) is divided by 69.
48
Suppose -6*u + 30 = -3*u. Suppose 3*a - 43 = -u. Let h(r) = 2*r**2 - 10*r + 4. Calculate the remainder when h(7) is divided by a.
10
Let o(t) = 86*t**3 - 2*t + 1. Suppose 0 = 93*s - 413 - 2284. Calculate the remainder when o(1) is divided by s.
27
Let l = 14 + 1. Let p be (-5)/l + (-284)/(-6). Calculate the remainder when 4/(-10) + p/5 is divided by 6.
3
Let j = 31 - 9. Let p be 4/(-1)*122/(-8). Let s = -52 + p. What is the remainder when j is divided by s?
4
Let l(q) = -q**3 - 16*q**2 + 27. Let n be l(-16). What is the remainder when (-3 - n/6)*-2 is divided by 6?
3
Let g(o) = -180*o - 39. Calculate the remainder when g(-3) is divided by 36.
33
Let u be (1 - 2)/(-2 - -3). Let d(x) = x + 17*x**2 + 15 - 14 + 12*x**2. What is the remainder when d(u) is divided by 11?
7
Let s(a) = a**2 - 15*a - 11. Suppose 0 = 3*t + 1 - 16. Calculate the remainder when s(-2) is divided by t.
3
Let g be 3/4*(-1 + 17). Let v(d) = -40 + 13*d + 12 + 13*d - 16*d. Calculate the remainder when v(g) is divided by 31.
30
Suppose -243 = -21*k + 18*k. Suppose 4*s = 5*v + 71 + 86, -3*v - k = -2*s. What is the remainder when s is divided by 9?
6
Suppose -h = -3*h - 2*o + 4, 0 = -o. Suppose -h*p + 96 = 6*p. What is the remainder when 30 is divided by p?
6
Let g = -299 - -321. What is the remainder when 460 is divided by g?
20
Suppose 4*w - 7 = 13. Calculate the remainder when 16/5*405/108 is divided by w.
2
Let h be (1/2*-1)/(8/(-288)). Suppose 19*t = h*t + 15. What is the remainder when t is divided by 6?
3
Suppose 3*f - 56 = 5*f. Let o = 0 - f. What is the remainder when (-4)/4*-11*10 is divided by o?
26
Let o(b) = b**3 + 7*b**2 + 5*b + 2. Let q be o(-6). Suppose q = -3*m + 14. Suppose 2*a = -0*a + 8. Calculate the remainder when a is divided by m.
0
Let g = 19 + -3. Calculate the remainder when 61 is divided by g.
13
What is the remainder when 131 is divided by 47/(-6 + (-84)/(-12))?
37
Suppose 6*h - 144 - 66 = 0. Calculate the remainder when 42 is divided by h.
7
Let u(h) = -13*h**2 + 44*h - 23. Let i(s) = 7*s**2 - 22*s + 11. Let o(n) = 11*i(n) + 6*u(n). Let p = 5 + 1. What is the remainder when p is divided by o(21)?
2
Suppose 23*j - 34*j = -1